 -387. Is s a prime number?
False
Let w be 5 - (0 + -1 + 1). Suppose 3*d - 4 - 14 = -3*t, -5*d + 18 = 2*t. Suppose y = -b - 52 + 468, 823 = d*b + w*y. Is b composite?
False
Suppose -c = -1 - 9. Let w(o) = -31*o + 19. Let u be w(c). Let z = 778 + u. Is z a prime number?
True
Suppose 0 = 4*q - 12, -3*z - 17 = -5*q - 2. Suppose -4*g + 22 - 6 = 0. Suppose 0 = g*b - 5*d - 3238, b + 6*d - 2*d - 799 = z. Is b a composite number?
True
Let r(k) = 2*k + 53. Let x be r(-24). Let t(d) = -d**3 + 8*d**2 - 8*d - 4. Is t(x) composite?
False
Suppose y - 16424 = -3*k, 6*y - 7*y = -3*k - 16442. Is y a composite number?
False
Let z = 15 + -3. Suppose -4*l = -z, -3*g - l + 13 = -2. Suppose 5*n + g = 24. Is n composite?
True
Suppose 10 = 5*a - 0. Let n be (369/(-6))/(a/32). Let g = n + 1755. Is g a prime number?
False
Let m be (-1324)/2*(-11)/22. Suppose m = u - 3448. Is u prime?
True
Let y(d) = -105*d**3 + d**2 - 4*d + 4. Let f be y(1). Suppose -r - 669 = -4*r. Let m = f + r. Is m composite?
True
Suppose 4243 = 2*d - 5887. Let c = d - 1902. Is c a prime number?
True
Suppose 14963 = 24*f - 11*f. Is f composite?
False
Let h = 793 + 1360. Is h a composite number?
False
Suppose 0 = 48*n - 9*n - 1085019. Is n prime?
False
Suppose 4*o + 5*a = -0 + 113, -3 = -3*a. Is 3423/27 + 6/o a prime number?
True
Suppose 13*t - 26*t + 54431 = 0. Is t composite?
True
Let j(b) = -8710*b - 133. Is j(-2) prime?
False
Suppose -s - d = -11034, 4*s - 13*d + 10*d = 44143. Is s prime?
False
Let k(i) = -i**2 + 10*i - 4. Let w be k(8). Let a(f) = -4*f**3 + 61*f**3 - 1 + 2*f**2 - w*f**3. Is a(1) a prime number?
False
Suppose -4*z = -148 - 80. Let s = 17 - z. Is (-1)/5 + (-41968)/s prime?
True
Let c(f) = 12*f**2 - 30*f - 85. Is c(69) prime?
False
Let o(c) be the third derivative of -17*c**6/20 + c**5/30 - c**4/24 - c**3/3 + 2*c**2. Let y be o(-2). Let g = y - -225. Is g a prime number?
True
Let w(y) = -1354*y**3 - y. Let x be w(-1). Let n = x - -978. Is n prime?
True
Suppose 1048 = 2*d - d. Suppose -4*f = -4*w - d, -3 = -2*f + 3*f. Let t = -138 - w. Is t a prime number?
True
Suppose r + r = 4*i + 12, -i - 3 = 4*r. Suppose 7*x - 2245 - 3509 = r. Suppose 22*y = 24*y - x. Is y a prime number?
False
Let h(s) be the second derivative of -293*s**6/720 + s**5/60 + 2*s**4/3 - 7*s. Let p(q) be the third derivative of h(q). Is p(-1) a prime number?
False
Suppose 3*h - o = 7288, 0 = 3*h - 3*o - 2*o - 7292. Is h a prime number?
False
Let j = -59 - -53. Let s(x) = 20*x**2 - 8*x + 3. Is s(j) a prime number?
False
Let n(h) = -h**3 + 6*h**2 + 54*h + 1. Is n(-22) prime?
False
Suppose 9*b + 69438 = 196725. Is b composite?
False
Is (4 - 13)*(-8637)/9 composite?
True
Let j(m) be the third derivative of m**5/60 + m**4/24 + 9*m**2. Let y be j(0). Suppose -3*v = -3*u - 792, -4*v = -2*u - y*u - 1046. Is v prime?
False
Is (6/9*3)/((-16)/(-193240)) prime?
False
Suppose -5*u + 21 = -59. Suppose -j = -4*t - u - 467, -4*j = -t - 1992. Is j a prime number?
True
Let h be ((1 + -2)*1)/(-1). Let o = h - -4. Suppose p - 6*s + s = 86, 0 = o*p - s - 454. Is p a prime number?
False
Let n(h) = h**2 - 8*h - 6. Let l be n(9). Suppose -8*z = -l*z - 1005. Is z a prime number?
False
Let v(q) = -q**2 - 35. Let a be v(0). Let b = -26 - a. Suppose 2*d + 3*m - 14 = 0, 4*m + 9 + b = d. Is d a prime number?
False
Suppose 5 = m - z + 30, -3*m - 40 = 4*z. Let f(s) = s**3 + 28*s**2 + 45*s + 17. Is f(m) prime?
False
Let y be -3*(-4)/3 - 14. Let z(x) = -x**3 - 9*x**2 - 11*x - 8. Let r be z(y). Let j = 396 - r. Is j composite?
True
Let t(k) = 9*k**2 - k - 1. Let p be t(-1). Suppose 14*b - p*b - 35 = 0. Suppose 0 = b*w - 15107 + 4740. Is w a prime number?
True
Let m(i) = 51*i**2 - 13*i - 28. Let c be m(-9). Suppose 3*x = -x + c. Is x prime?
False
Is 11 + (-5 + 15 - -8476) prime?
False
Suppose 29*h + 5*h = 302362. Is h prime?
True
Let z be 2 + (0 - 0) + -1. Let w(b) = -373*b + 6. Let m(s) = 372*s - 5. Let d(c) = 7*m(c) + 6*w(c). Is d(z) prime?
True
Let u be 2/3 - 7/(-3). Suppose -h = -u - 0. Suppose -h*j + 623 = 5*k, -3*j - j + 619 = 5*k. Is k a composite number?
False
Suppose 1276 = -4*c - 764. Let q = -361 - c. Is q prime?
True
Suppose -u - w + 4 = -2*w, 5*u = -4*w + 65. Suppose -7*a = -4*a + u. Is (-1 - -38)/(a/(-3)) composite?
False
Is (-27037)/(4/(-24)*6) composite?
True
Is 1 - 166260/(-15) - (-2 + -2) composite?
True
Let g = -5 + 11. Suppose 3*h = 6*h + g, 5*h + 337 = 3*q. Is q a prime number?
True
Let t(g) be the first derivative of 2*g**2 + 3*g + 1. Let m be ((-5)/((-15)/2))/(2/21). Is t(m) prime?
True
Let a be (-3 + (-1 - -10))/2. Is (-1 - a - -1347)/1 composite?
True
Let b = 37 - -476. Suppose -2*m - 3*m + b = u, -3*u + 5*m = -1619. Is u a composite number?
True
Suppose 40*d - 32*d = 5384. Is d a prime number?
True
Suppose -s = -a + s + 8, 4*a - 14 = -s. Is (-3176)/(-12)*6/a composite?
False
Suppose 4*f + 4*f = 14576. Suppose -7*p + 5157 = -f. Is p prime?
True
Suppose -2*a - 32 = 3*a + 4*t, 0 = t + 3. Is 2 + 912 + 12/a a prime number?
True
Let t(z) = -175*z + 5. Let g(p) = p. Let h(l) = g(l) + t(l). Let i be h(-4). Suppose -711 - i = -4*c. Is c prime?
True
Let r = 507 + -342. Let t(j) = 88*j - 23*j + 105*j + r*j. Is t(1) composite?
True
Suppose -f + 7 - 48 = 0. Let c = f - -450. Is c prime?
True
Suppose 0 = 11*w - 9*w - 10. Suppose 0*u - 5*u = w*j - 1965, u - 5*j = 417. Is u a prime number?
True
Suppose -5*j = -13*j. Is (j - -3) + 2792/4 prime?
True
Suppose 10*p = -7*p + 62237. Is p a prime number?
False
Let j(g) be the second derivative of 19*g**4/12 + 5*g**3/2 + 3*g**2/2 - 24*g. Is j(7) composite?
False
Suppose 0 = -2*r - 5*a - 7, -3*r + 6*a - 4*a = -18. Suppose -4*t + 0*w - 4*w = -1508, r*t - 3*w = 1480. Is t prime?
True
Let j(u) = -3*u + 12. Let g be j(5). Let z(t) = -19*t**3 + 3*t**2 + 1. Is z(g) composite?
False
Let h(d) be the first derivative of -d**7/84 - d**6/90 - d**5/120 - d**4/6 + 2*d**3 + 4. Let n(z) be the third derivative of h(z). Is n(-3) prime?
True
Let p(m) = 2*m**3 + 2*m**2 - 79. Let u be p(0). Let v = u + 150. Is v composite?
False
Let f(w) = -w**3 + w**2 - 6*w. Let i(a) = -2*a**3 + a**2 - 13*a. Let b(o) = 7*f(o) - 3*i(o). Let m be b(3). Suppose z + 5*z - 2382 = m. Is z a prime number?
True
Suppose 0 = 5*f - 3*s - 36, -f + 4*s = 2*f - 26. Is (2/f)/((-4)/(-8916)) composite?
False
Suppose 10*q - 30 = 20*q. Let z(d) be the first derivative of 10*d**3/3 + 3*d - 1. Is z(q) prime?
False
Suppose -63*l = -60*l - 3786. Is l a composite number?
True
Suppose -h - 32 = -5*h. Let c(y) = -y**2 + 6*y + 19. Let a be c(h). Suppose p - 98 = -a*j, -4*p = 3*j - 21 - 74. Is j prime?
False
Let z(x) be the third derivative of -x**7/252 - x**6/720 + x**5/12 + 2*x**2. Let j(g) be the third derivative of z(g). Is j(-4) a prime number?
True
Let u(r) = -139*r**2 + 27*r + 83. Let g(k) = -47*k**2 + 9*k + 28. Let a(x) = 8*g(x) - 3*u(x). Is a(6) prime?
False
Let f(i) = i. Let y(l) = -22*l. Let d(u) = 3*f(u) - y(u). Is d(1) a composite number?
True
Let v = -14 - -18. Let f(l) = 2*l**2 - 2*l - 1. Let s be f(v). Let b = s - -108. Is b prime?
True
Let b(k) = 357*k**2 - 10*k + 3. Is b(-4) a composite number?
True
Is 1 + (-178444)/(-4) - (-1 + -2) a prime number?
False
Suppose -10597 = -2*i - 5*u + 10*u, 0 = -3*i + 3*u + 15918. Is i prime?
False
Let s(d) = 37*d**2 - 3*d - 1. Let c(l) = 110*l**2 - 10*l - 4. Let i(w) = -2*c(w) + 7*s(w). Let r = 16 - 15. Is i(r) composite?
True
Let l(g) = -7*g**2 - 8*g + 9. Let k(q) = 13*q**2 + 17*q - 18. Let w(u) = -6*k(u) - 13*l(u). Is w(-4) composite?
False
Suppose -k - 2 = 9. Let m = k + 40. Let h = m - -92. Is h composite?
True
Suppose 29 = 2*a + 1. Let f(d) = -2*d + 55 - a*d**2 + 15*d**2 - d**3 + 3*d. Is f(0) prime?
False
Suppose p - 4*c = 14, 4*p - 11 = -0*p + c. Suppose -6*g + g - u = -570, p*g - 4*u = 250. Is g a composite number?
True
Suppose 54*u - 55*u = 292. Let a = u - -551. Suppose 0*m = 5*m + 5*q - 440, -3*m - 2*q = -a. Is m a composite number?
False
Let g = -7 + 12. Let h(u) = -u**3 + 6*u**2 - 4*u - 2. Let c be h(g). Suppose y + 5*l = 96, -y + 469 = 3*y + c*l. Is y composite?
True
Suppose -3*r = -2*k + 637, 0*r = -r - 5. Suppose -2*h - 1710 = 7*h. Let g = h + k. Is g prime?
False
Suppose 4*i = -5*v + 84903, -2*i + 106170 = 3*i - 2*v. Is i/60*3 - 6/10 a prime number?
True
Suppose -i = -2*i + 138. Suppose -3